{"id":1179,"date":"2021-04-05T10:40:33","date_gmt":"2021-04-05T10:40:33","guid":{"rendered":"http:\/\/gentleguards.com\/?page_id=1179"},"modified":"2026-02-13T10:23:03","modified_gmt":"2026-02-13T10:23:03","slug":"wallace","status":"publish","type":"page","link":"https:\/\/gentleguards.com\/?page_id=1179","title":{"rendered":"&#8222;Wallace&#8220;"},"content":{"rendered":"\n<div class=\"wp-block-cover has-background-gradient has-custom-content-position is-position-top-center\" style=\"min-height:100vh\"><img loading=\"lazy\" width=\"2560\" height=\"1707\" class=\"wp-block-cover__image-background wp-image-1194\" alt=\"\" src=\"http:\/\/gentleguards.com\/wp-content\/uploads\/2021\/04\/Wallace-6-scaled.jpeg\" style=\"object-position:40% 70%\" data-object-fit=\"cover\" data-object-position=\"40% 70%\" srcset=\"https:\/\/gentleguards.com\/wp-content\/uploads\/2021\/04\/Wallace-6-scaled.jpeg 2560w, https:\/\/gentleguards.com\/wp-content\/uploads\/2021\/04\/Wallace-6-300x200.jpeg 300w, https:\/\/gentleguards.com\/wp-content\/uploads\/2021\/04\/Wallace-6-1024x683.jpeg 1024w, https:\/\/gentleguards.com\/wp-content\/uploads\/2021\/04\/Wallace-6-768x512.jpeg 768w, https:\/\/gentleguards.com\/wp-content\/uploads\/2021\/04\/Wallace-6-1536x1024.jpeg 1536w, https:\/\/gentleguards.com\/wp-content\/uploads\/2021\/04\/Wallace-6-2048x1365.jpeg 2048w\" sizes=\"(max-width: 767px) 89vw, (max-width: 1000px) 54vw, (max-width: 1071px) 543px, 580px\" \/><div class=\"wp-block-cover__inner-container\">\n<p class=\"has-text-align-center has-large-font-size\">Gentle Guards For Your Eyes Only<\/p>\n<\/div><\/div>\n\n\n\n<h2 class=\"has-text-align-center\">Philemon Forever And A Day  x  Rain And Tears of the Benjy Bunch<\/h2>\n\n\n\n<p class=\"has-text-align-center\">Wallace zog im Altern von 9 Wochen zu Anja und Dirk nach D\u00fcsseldorf.<\/p>\n\n\n\n<p class=\"has-text-align-center\">Direkter Kontakt (0172\/5144111)<\/p>\n\n\n\n<p class=\"has-text-align-center\">Er ist hier bei uns am 18.10. 2018 um 8.18 Uhr mit einem Gewicht von 396 g  geboren. (siehe F- Wurf)<\/p>\n\n\n\n<p class=\"has-text-align-center\">Wallace hat tolles Pigment und eine sehr intensiv braune Fellfarbe und hat sich zu einem gro\u00dfen kr\u00e4ftigen R\u00fcden entwickelt.<\/p>\n\n\n\n<p class=\"has-text-align-center\">Er arbeitet f\u00fcr sein Leben gern, was er dank seines Herrchens auch regelm\u00e4ssig an Schafen tun darf.<\/p>\n\n\n\n<h2 class=\"has-text-align-center\">Wallace ist Papa von 3 W\u00fcrfen mit insgesamt 13 Welpen in schwarz, braun und fawn<\/h2>\n\n\n\n<p class=\"has-text-align-center\">Wallace freut sich \u00fcber Damenbesuch<\/p>\n\n\n\n<div class=\"wp-block-image\"><figure class=\"aligncenter size-large\"><img loading=\"lazy\" width=\"728\" height=\"1024\" src=\"http:\/\/gentleguards.com\/wp-content\/uploads\/2021\/04\/Wallace-8-728x1024.jpeg\" alt=\"\" class=\"wp-image-1195\" srcset=\"https:\/\/gentleguards.com\/wp-content\/uploads\/2021\/04\/Wallace-8-728x1024.jpeg 728w, https:\/\/gentleguards.com\/wp-content\/uploads\/2021\/04\/Wallace-8-213x300.jpeg 213w, https:\/\/gentleguards.com\/wp-content\/uploads\/2021\/04\/Wallace-8-768x1081.jpeg 768w, https:\/\/gentleguards.com\/wp-content\/uploads\/2021\/04\/Wallace-8-1091x1536.jpeg 1091w, https:\/\/gentleguards.com\/wp-content\/uploads\/2021\/04\/Wallace-8-1455x2048.jpeg 1455w, https:\/\/gentleguards.com\/wp-content\/uploads\/2021\/04\/Wallace-8.jpeg 1468w\" sizes=\"(max-width: 728px) 100vw, 728px\" \/><\/figure><\/div>\n\n\n\n<h2 class=\"has-text-align-center\">Zuchtrelevante Daten<\/h2>\n\n\n\n<p class=\"has-text-align-center\">Gr\u00f6\u00dfe:   58 cm<\/p>\n\n\n\n<p class=\"has-text-align-center\">Farbe:   braun-wei\u00df<\/p>\n\n\n\n<p class=\"has-text-align-center\">Augenuntersuchungen:      CEA   N\/N  genetisch frei<\/p>\n\n\n\n<p class=\"has-text-align-center\">PRA prcd   N\/N  genetisch frei<\/p>\n\n\n\n<p class=\"has-text-align-center\">Katarakt frei 13.02.2026<\/p>\n\n\n\n<p class=\"has-text-align-center\">MDR 1    +\/+<\/p>\n\n\n\n<p class=\"has-text-align-center\">HD: A<\/p>\n\n\n\n<p class=\"has-text-align-center\">ED:   0\/0<\/p>\n\n\n\n<p class=\"has-text-align-center\">OCD:  frei<\/p>\n\n\n\n<p class=\"has-text-align-center\">Haplotypen:       4\/1<\/p>\n\n\n\n<p><\/p>\n\n\n\n<h2 class=\"has-text-align-center\">Ahnentafel<\/h2>\n\n\n\n<p class=\"has-text-align-center\">IK 0,00      AVK  100 % (\u00fcber 5 Generationen)<\/p>\n\n\n\n<p class=\"has-text-align-center\">\u00fcber 12 Generationen IK : 10<\/p>\n\n\n\n<p class=\"has-text-align-center\">Genetischer IK 16% ( Rassedurchschnitt bei 13,41%)<\/p>\n\n\n\n<p class=\"has-text-align-center\">Genetische Vielfalt 32 % ( Rassedurchschnitt 32,63%)<\/p>\n\n\n\n<div class=\"wp-block-image\"><figure class=\"aligncenter size-large\"><img loading=\"lazy\" width=\"842\" height=\"1024\" src=\"http:\/\/gentleguards.com\/wp-content\/uploads\/2021\/04\/Ahnentafel-F-Wurf-842x1024.jpg\" alt=\"\" class=\"wp-image-1184\" srcset=\"https:\/\/gentleguards.com\/wp-content\/uploads\/2021\/04\/Ahnentafel-F-Wurf-842x1024.jpg 842w, https:\/\/gentleguards.com\/wp-content\/uploads\/2021\/04\/Ahnentafel-F-Wurf-247x300.jpg 247w, https:\/\/gentleguards.com\/wp-content\/uploads\/2021\/04\/Ahnentafel-F-Wurf-768x934.jpg 768w, https:\/\/gentleguards.com\/wp-content\/uploads\/2021\/04\/Ahnentafel-F-Wurf.jpg 1168w\" sizes=\"(max-width: 767px) 89vw, (max-width: 1000px) 54vw, (max-width: 1071px) 543px, 580px\" \/><\/figure><\/div>\n\n\n\n<div class=\"wp-block-image\"><figure class=\"aligncenter size-large\"><img loading=\"lazy\" width=\"206\" height=\"222\" src=\"http:\/\/gentleguards.com\/wp-content\/uploads\/2019\/10\/Logo_DNA_profile_reg_JPG_-_engels_01.jpg\" alt=\"\" class=\"wp-image-173\"\/><\/figure><\/div>\n\n\n\n<figure class=\"wp-block-gallery aligncenter columns-1 is-cropped\"><ul class=\"blocks-gallery-grid\"><li class=\"blocks-gallery-item\"><figure><img loading=\"lazy\" width=\"1024\" height=\"953\" src=\"http:\/\/gentleguards.com\/wp-content\/uploads\/2021\/04\/R\u00fcde-Nr.1-1024x953.jpeg\" alt=\"\" data-id=\"1199\" data-link=\"http:\/\/gentleguards.com\/?attachment_id=1199\" class=\"wp-image-1199\" srcset=\"https:\/\/gentleguards.com\/wp-content\/uploads\/2021\/04\/R\u00fcde-Nr.1-1024x953.jpeg 1024w, https:\/\/gentleguards.com\/wp-content\/uploads\/2021\/04\/R\u00fcde-Nr.1-300x279.jpeg 300w, https:\/\/gentleguards.com\/wp-content\/uploads\/2021\/04\/R\u00fcde-Nr.1-768x715.jpeg 768w, https:\/\/gentleguards.com\/wp-content\/uploads\/2021\/04\/R\u00fcde-Nr.1-1536x1429.jpeg 1536w, https:\/\/gentleguards.com\/wp-content\/uploads\/2021\/04\/R\u00fcde-Nr.1-2048x1905.jpeg 2048w\" sizes=\"(max-width: 767px) 89vw, (max-width: 1000px) 54vw, (max-width: 1071px) 543px, 580px\" \/><\/figure><\/li><li class=\"blocks-gallery-item\"><figure><img loading=\"lazy\" width=\"1024\" height=\"721\" src=\"http:\/\/gentleguards.com\/wp-content\/uploads\/2021\/04\/Nr.1-Kopie-1024x721.jpeg\" alt=\"\" data-id=\"1198\" data-link=\"http:\/\/gentleguards.com\/?attachment_id=1198\" class=\"wp-image-1198\" srcset=\"https:\/\/gentleguards.com\/wp-content\/uploads\/2021\/04\/Nr.1-Kopie-1024x721.jpeg 1024w, https:\/\/gentleguards.com\/wp-content\/uploads\/2021\/04\/Nr.1-Kopie-300x211.jpeg 300w, https:\/\/gentleguards.com\/wp-content\/uploads\/2021\/04\/Nr.1-Kopie-768x541.jpeg 768w, https:\/\/gentleguards.com\/wp-content\/uploads\/2021\/04\/Nr.1-Kopie-1536x1082.jpeg 1536w, https:\/\/gentleguards.com\/wp-content\/uploads\/2021\/04\/Nr.1-Kopie-2048x1442.jpeg 2048w\" sizes=\"(max-width: 767px) 89vw, (max-width: 1000px) 54vw, (max-width: 1071px) 543px, 580px\" \/><\/figure><\/li><li class=\"blocks-gallery-item\"><figure><img loading=\"lazy\" width=\"1024\" height=\"768\" src=\"http:\/\/gentleguards.com\/wp-content\/uploads\/2021\/04\/IMG-20210101-WA0044-1.jpg\" alt=\"\" data-id=\"1197\" data-link=\"http:\/\/gentleguards.com\/?attachment_id=1197\" class=\"wp-image-1197\" srcset=\"https:\/\/gentleguards.com\/wp-content\/uploads\/2021\/04\/IMG-20210101-WA0044-1.jpg 1024w, https:\/\/gentleguards.com\/wp-content\/uploads\/2021\/04\/IMG-20210101-WA0044-1-300x225.jpg 300w, https:\/\/gentleguards.com\/wp-content\/uploads\/2021\/04\/IMG-20210101-WA0044-1-768x576.jpg 768w\" sizes=\"(max-width: 767px) 89vw, (max-width: 1000px) 54vw, (max-width: 1071px) 543px, 580px\" \/><\/figure><\/li><li class=\"blocks-gallery-item\"><figure><img loading=\"lazy\" width=\"788\" height=\"1024\" src=\"http:\/\/gentleguards.com\/wp-content\/uploads\/2021\/04\/Wallace-1-788x1024.jpg\" alt=\"\" data-id=\"1200\" data-link=\"http:\/\/gentleguards.com\/?attachment_id=1200\" class=\"wp-image-1200\" srcset=\"https:\/\/gentleguards.com\/wp-content\/uploads\/2021\/04\/Wallace-1-788x1024.jpg 788w, https:\/\/gentleguards.com\/wp-content\/uploads\/2021\/04\/Wallace-1-231x300.jpg 231w, https:\/\/gentleguards.com\/wp-content\/uploads\/2021\/04\/Wallace-1-768x998.jpg 768w, https:\/\/gentleguards.com\/wp-content\/uploads\/2021\/04\/Wallace-1-1182x1536.jpg 1182w, https:\/\/gentleguards.com\/wp-content\/uploads\/2021\/04\/Wallace-1-1576x2048.jpg 1576w, https:\/\/gentleguards.com\/wp-content\/uploads\/2021\/04\/Wallace-1-scaled.jpg 1970w\" sizes=\"(max-width: 767px) 89vw, (max-width: 1000px) 54vw, (max-width: 1071px) 543px, 580px\" \/><\/figure><\/li><li class=\"blocks-gallery-item\"><figure><img loading=\"lazy\" width=\"732\" height=\"1024\" src=\"http:\/\/gentleguards.com\/wp-content\/uploads\/2021\/04\/Wallace-9-732x1024.jpg\" alt=\"\" data-id=\"1201\" data-link=\"http:\/\/gentleguards.com\/?attachment_id=1201\" class=\"wp-image-1201\" srcset=\"https:\/\/gentleguards.com\/wp-content\/uploads\/2021\/04\/Wallace-9-732x1024.jpg 732w, https:\/\/gentleguards.com\/wp-content\/uploads\/2021\/04\/Wallace-9-214x300.jpg 214w, https:\/\/gentleguards.com\/wp-content\/uploads\/2021\/04\/Wallace-9-768x1075.jpg 768w, https:\/\/gentleguards.com\/wp-content\/uploads\/2021\/04\/Wallace-9-1098x1536.jpg 1098w, https:\/\/gentleguards.com\/wp-content\/uploads\/2021\/04\/Wallace-9.jpg 1294w\" sizes=\"(max-width: 732px) 100vw, 732px\" \/><\/figure><\/li><li class=\"blocks-gallery-item\"><figure><img loading=\"lazy\" width=\"1024\" height=\"758\" src=\"http:\/\/gentleguards.com\/wp-content\/uploads\/2021\/04\/Wallace-11-1024x758.jpg\" alt=\"\" data-id=\"1202\" data-link=\"http:\/\/gentleguards.com\/?attachment_id=1202\" class=\"wp-image-1202\" srcset=\"https:\/\/gentleguards.com\/wp-content\/uploads\/2021\/04\/Wallace-11-1024x758.jpg 1024w, https:\/\/gentleguards.com\/wp-content\/uploads\/2021\/04\/Wallace-11-300x222.jpg 300w, https:\/\/gentleguards.com\/wp-content\/uploads\/2021\/04\/Wallace-11-768x569.jpg 768w, https:\/\/gentleguards.com\/wp-content\/uploads\/2021\/04\/Wallace-11-1536x1137.jpg 1536w, https:\/\/gentleguards.com\/wp-content\/uploads\/2021\/04\/Wallace-11-2048x1516.jpg 2048w\" sizes=\"(max-width: 767px) 89vw, (max-width: 1000px) 54vw, (max-width: 1071px) 543px, 580px\" \/><\/figure><\/li><li class=\"blocks-gallery-item\"><figure><img loading=\"lazy\" width=\"748\" height=\"1024\" src=\"http:\/\/gentleguards.com\/wp-content\/uploads\/2021\/04\/Wallace-3-748x1024.jpg\" alt=\"\" data-id=\"1204\" data-full-url=\"http:\/\/gentleguards.com\/wp-content\/uploads\/2021\/04\/Wallace-3-scaled.jpg\" data-link=\"http:\/\/gentleguards.com\/?attachment_id=1204\" class=\"wp-image-1204\" srcset=\"https:\/\/gentleguards.com\/wp-content\/uploads\/2021\/04\/Wallace-3-748x1024.jpg 748w, https:\/\/gentleguards.com\/wp-content\/uploads\/2021\/04\/Wallace-3-219x300.jpg 219w, https:\/\/gentleguards.com\/wp-content\/uploads\/2021\/04\/Wallace-3-768x1051.jpg 768w, https:\/\/gentleguards.com\/wp-content\/uploads\/2021\/04\/Wallace-3-1123x1536.jpg 1123w, https:\/\/gentleguards.com\/wp-content\/uploads\/2021\/04\/Wallace-3-1497x2048.jpg 1497w, https:\/\/gentleguards.com\/wp-content\/uploads\/2021\/04\/Wallace-3-scaled.jpg 1871w\" sizes=\"(max-width: 706px) 89vw, (max-width: 767px) 82vw, 740px\" \/><\/figure><\/li><li class=\"blocks-gallery-item\"><figure><img loading=\"lazy\" width=\"827\" height=\"1024\" src=\"http:\/\/gentleguards.com\/wp-content\/uploads\/2021\/04\/Wallace-2-827x1024.jpg\" alt=\"\" data-id=\"1203\" data-link=\"http:\/\/gentleguards.com\/?attachment_id=1203\" class=\"wp-image-1203\" srcset=\"https:\/\/gentleguards.com\/wp-content\/uploads\/2021\/04\/Wallace-2-827x1024.jpg 827w, https:\/\/gentleguards.com\/wp-content\/uploads\/2021\/04\/Wallace-2-242x300.jpg 242w, https:\/\/gentleguards.com\/wp-content\/uploads\/2021\/04\/Wallace-2-768x951.jpg 768w, https:\/\/gentleguards.com\/wp-content\/uploads\/2021\/04\/Wallace-2-1240x1536.jpg 1240w, https:\/\/gentleguards.com\/wp-content\/uploads\/2021\/04\/Wallace-2-1653x2048.jpg 1653w\" sizes=\"(max-width: 767px) 89vw, (max-width: 1000px) 54vw, (max-width: 1071px) 543px, 580px\" \/><\/figure><\/li><\/ul><\/figure>\n\n\n\n<figure class=\"wp-block-image size-large\"><img loading=\"lazy\" width=\"690\" height=\"1024\" src=\"http:\/\/gentleguards.com\/wp-content\/uploads\/2023\/09\/IMG_8867-02-01-690x1024.jpeg\" alt=\"\" class=\"wp-image-2193\" srcset=\"https:\/\/gentleguards.com\/wp-content\/uploads\/2023\/09\/IMG_8867-02-01-690x1024.jpeg 690w, https:\/\/gentleguards.com\/wp-content\/uploads\/2023\/09\/IMG_8867-02-01-202x300.jpeg 202w, https:\/\/gentleguards.com\/wp-content\/uploads\/2023\/09\/IMG_8867-02-01-768x1139.jpeg 768w, https:\/\/gentleguards.com\/wp-content\/uploads\/2023\/09\/IMG_8867-02-01-1035x1536.jpeg 1035w, https:\/\/gentleguards.com\/wp-content\/uploads\/2023\/09\/IMG_8867-02-01-1381x2048.jpeg 1381w, https:\/\/gentleguards.com\/wp-content\/uploads\/2023\/09\/IMG_8867-02-01-scaled.jpeg 1726w\" sizes=\"(max-width: 690px) 100vw, 690px\" \/><\/figure>\n","protected":false},"excerpt":{"rendered":"<p>Philemon Forever And A Day x Rain And Tears of the Benjy Bunch Wallace zog im Altern von 9 Wochen zu Anja und Dirk nach D\u00fcsseldorf. Direkter Kontakt (0172\/5144111) Er ist hier bei uns am 18.10. 2018 um 8.18 Uhr mit einem Gewicht von 396 g geboren. (siehe F- Wurf) Wallace hat tolles Pigment und &hellip; <\/p>\n<p class=\"link-more\"><a href=\"https:\/\/gentleguards.com\/?page_id=1179\" class=\"more-link\"><span class=\"screen-reader-text\">\u201e&#8222;Wallace&#8220;\u201c<\/span> weiterlesen<\/a><\/p>\n","protected":false},"author":1,"featured_media":0,"parent":47,"menu_order":0,"comment_status":"closed","ping_status":"closed","template":"","meta":[],"_links":{"self":[{"href":"https:\/\/gentleguards.com\/index.php?rest_route=\/wp\/v2\/pages\/1179"}],"collection":[{"href":"https:\/\/gentleguards.com\/index.php?rest_route=\/wp\/v2\/pages"}],"about":[{"href":"https:\/\/gentleguards.com\/index.php?rest_route=\/wp\/v2\/types\/page"}],"author":[{"embeddable":true,"href":"https:\/\/gentleguards.com\/index.php?rest_route=\/wp\/v2\/users\/1"}],"replies":[{"embeddable":true,"href":"https:\/\/gentleguards.com\/index.php?rest_route=%2Fwp%2Fv2%2Fcomments&post=1179"}],"version-history":[{"count":19,"href":"https:\/\/gentleguards.com\/index.php?rest_route=\/wp\/v2\/pages\/1179\/revisions"}],"predecessor-version":[{"id":2788,"href":"https:\/\/gentleguards.com\/index.php?rest_route=\/wp\/v2\/pages\/1179\/revisions\/2788"}],"up":[{"embeddable":true,"href":"https:\/\/gentleguards.com\/index.php?rest_route=\/wp\/v2\/pages\/47"}],"wp:attachment":[{"href":"https:\/\/gentleguards.com\/index.php?rest_route=%2Fwp%2Fv2%2Fmedia&parent=1179"}],"curies":[{"name":"wp","href":"https:\/\/api.w.org\/{rel}","templated":true}]}}